4*r + 2826 + 221 = 0. What is the hundreds digit of l?
0
Suppose -61 = -5*s + 224. Suppose -5*b + s - 17 = 5*i, 3*b - 10 = -i. What is the units digit of i?
7
Let o(w) = -8572*w + 797. What is the ten thousands digit of o(-3)?
2
Let u(n) = n**2 - 7*n + 13. Let g be u(6). Suppose -g*d + 284 = -24. Let y = -42 + d. What is the units digit of y?
2
Suppose 6*j - 48 = -10*j. Suppose -3*t + 3*m = -1788, 0 = 4*t + t - j*m - 2982. What is the tens digit of t?
9
Let p(b) be the third derivative of -b**6/120 - b**5/10 + b**4/24 + 30*b**2. Let d be p(-5). Let w = 24 - d. What is the tens digit of w?
5
Let z = -43 - -36. Let s = 9 - z. Suppose 0 = -2*y + 2*k + 128, y - 48 - s = -3*k. What is the units digit of y?
4
Suppose -103*v + 105*v - 14 = 0. Let c be 8*6/168 - (-2070)/v. Suppose 5*m + n = 1476, 3*n = -m + 2*n + c. What is the tens digit of m?
9
Let l = 6622 - 1403. What is the hundreds digit of l?
2
What is the units digit of -7*(9 + (8 - 18))/(2/7022)?
7
Suppose -80 = -5*a - 3*n, 0 = 2*a + 2*n - 7*n - 63. Let d(v) = v**3 - 18*v**2 - 19*v. Let h be d(a). Suppose 4*s + h*s - 196 = 0. What is the units digit of s?
9
Suppose -g = -4*g + 12. Suppose 2*d = -2*v + 72 + 88, -v - g*d + 71 = 0. Let o = v + -6. What is the tens digit of o?
7
Let o = 224 + -219. Suppose h + 1 = 4. Suppose h*l - o*l + 108 = 0. What is the units digit of l?
4
Let g = -5886 - -12847. What is the tens digit of g?
6
Suppose 5*f - 6017 = -382. Let c = 1899 - f. What is the tens digit of c?
7
Let y = -1370 - -30648. What is the thousands digit of y?
9
Let h(j) = j**2 - 10*j - 9. Let m be h(-8). Let p(u) = -21*u + 131. Let t be p(0). Let c = m - t. What is the units digit of c?
4
Suppose 4*i + 4*y + 8 = -12, -2*y = 5*i + 19. Suppose 5*m = -5*a - 5 - 0, -17 = 3*a - 4*m. What is the tens digit of 69 - 1/a*i?
6
Let q be (6 + -5)/((3 - 0) + -2). Let g be 1 - (q/3)/((-3)/(-9)). Let o = 126 + g. What is the hundreds digit of o?
1
Let j(h) = 8448*h**3 - h**2 + 7*h - 5. What is the hundreds digit of j(1)?
4
Suppose -4*o = 2*o + 24. Let q(s) = s**2 - s + 6. Let v be q(o). Let i = v - -24. What is the tens digit of i?
5
Let n(p) = 42*p + 12. Let u be n(-5). Let k = u - -391. What is the hundreds digit of k?
1
Let q be 18/54 - 2/(-3). Let b(k) = 190*k - 3. What is the tens digit of b(q)?
8
Let d(r) = 8*r**2 - 205*r + 51. Let f be d(28). Let p = f - -225. What is the tens digit of p?
0
Let a(p) = -68*p**3 - 6*p**2 - 12*p - 15. Let t be a(-3). Let y = -992 + t. What is the tens digit of y?
1
Suppose 9*u - 3 = 15. What is the tens digit of ((-1)/u)/(30/(-9480))?
5
Let y(l) = 2756*l**2 + 420*l - 6. What is the thousands digit of y(3)?
6
Suppose -4*q - 2*l + 28 = 0, 5*q - l - 13 = 2*l. Suppose -q*b - 12804 = -27*b. What is the hundreds digit of b?
5
Suppose -8*x + 0 = -8. What is the units digit of 0*x/8 - (-299 + 2)?
7
Let w(f) = f**3 + 7*f**2 - 2*f - 9. Let a be w(-7). Suppose 4*v = 5*o - 11436, -a*v = o + 2*o - 6869. Suppose 0 = -14*i + 3*i + o. What is the units digit of i?
8
Suppose -738*j = -741*j - 276. Let a = 69 - j. What is the hundreds digit of a?
1
Suppose 2983 = q - 2*v - 2163, 0 = -q - 5*v + 5125. What is the hundreds digit of q?
1
Let w be 141 + -121 - 9*1. Let a be (-2)/6 + (-116)/(-6). Let k = a - w. What is the units digit of k?
8
Let o(i) = 21*i**3 - i**2 + 8*i - 4. Let q(w) = 2*w**2 - 11*w + 15. Let c be q(5). Suppose -14 + c = -2*s. What is the tens digit of o(s)?
7
Suppose -6*o - 247 = -1699. Let z = o + -144. Let g = 173 - z. What is the units digit of g?
5
Let p(m) be the first derivative of m**3/3 - 2*m**2 + 14*m - 4. Suppose -15 = -9*q + 57. What is the units digit of p(q)?
6
Suppose -24 = 42*y - 34*y. Let d(j) = -19*j**3 + 2*j**2 + 6*j + 7. Let s be d(y). Suppose 3*t + 148 = s. What is the units digit of t?
4
Suppose -47065 = -q - k, -18*q - 8*k = -23*q + 235364. What is the hundreds digit of q?
0
Let v = 5 + -1. Suppose -12*u = -54 + 6. Suppose v*f = u*c + 1028, 5*c - 442 = -3*f + 361. What is the units digit of f?
1
Suppose -926 = -s - 2*a, -2*s + 5*a + 1308 + 499 = 0. Suppose -n + 1 = 0, 94 - s = -3*q + 3*n. Suppose 0 = 3*f - 313 - q. What is the tens digit of f?
9
Let l be 1 + 1 - (-9 + 23). Let t(w) = w**2 + 13*w + 14. Let b be t(l). What is the units digit of 81 + ((-2)/b - 2)?
8
Let k(n) = 12*n - 68. Let m be k(6). Suppose c = -m*l + 258, 4*c + 5*l - 1058 = 2*l. What is the units digit of c?
6
Let j(m) = 15*m**3 - 2*m + 1. Let x be j(3). Let r(w) = -2*w**2 + 566*w + 667. Let h be r(0). Let p = h - x. What is the units digit of p?
7
Let l(g) = 265*g - 850. What is the tens digit of l(17)?
5
Let j(g) be the second derivative of -g**5/20 + 2*g**4 + 55*g**3/6 - g**2 - 57*g - 1. What is the hundreds digit of j(25)?
7
Let s be 16/(-72) - (-1066)/18. Let x be (-2)/((-2)/153*-3). Let h = s + x. What is the units digit of h?
8
Suppose 0 = 13*v - 7*v - 1482. Let i = v + -20. Let g = -161 + i. What is the tens digit of g?
6
Let m = -847 - -3977. Suppose m + 5510 = 24*g. What is the hundreds digit of g?
3
Suppose 2*c = 5*z - 39, 2*c - 11 = -5*z + 20. Suppose -2*t - z = -15. Suppose 113 = 5*m - t*p, 6 = m + p - 13. What is the tens digit of m?
2
Let c = -4 - 39. Let q = c - -40. What is the tens digit of -4 + (-9)/q + 69?
6
Suppose -4*v + 2*p = 220 + 902, 4*p + 1383 = -5*v. Let w = -43 - v. What is the tens digit of w?
3
Let u = 865 + -277. Let l = -259 + u. What is the tens digit of l?
2
Suppose -155 = 12*h - 191. Suppose -3*m + 232 = -5*i, 0 = -4*m - h*i + 15 + 275. What is the tens digit of m?
7
What is the thousands digit of (-33)/(-44) + (-378836)/(-16)?
3
Let k = -1218 - -6407. What is the thousands digit of k?
5
What is the thousands digit of (-42)/4*84924/(-378)?
2
Let s = 9894 + 190. What is the thousands digit of s?
0
Let x = 63 + -56. Suppose -22 = 5*u + 4*p, -3*u - 4*p + x*p - 24 = 0. Let f(h) = -h**2 - 16*h - 19. What is the units digit of f(u)?
1
What is the ten thousands digit of (2/(-4))/((-8)/450480)?
2
Suppose 4*r = -5*v + 55, 0*r - 5*r - 4*v + 62 = 0. Suppose r*h = h + 2511. Suppose 15*u - 24*u + h = 0. What is the tens digit of u?
3
Suppose 0 = 5*a, 93 = 2*l - 5*a - 517. Let v = l - -1172. What is the hundreds digit of v?
4
Let z(y) = 11*y + 54. Let o be z(-6). Let c(t) = -t**2 - 19*t + 13. What is the tens digit of c(o)?
9
Let h be 20276/6 + 51/9 + -5. Suppose 0*r = 10*r - h. What is the units digit of r?
8
Suppose 5*w - 38*m - 100789 = -36*m, -100768 = -5*w - m. What is the tens digit of w?
5
Suppose 4*w - 5*a = 30884, w - a = 436 + 7285. What is the hundreds digit of w?
7
Suppose -4*i + 3*i + 5*g + 645 = 0, -650 = -i + 4*g. Suppose 38*y - 40*y = -i. What is the units digit of y?
5
Suppose 4*g = 10*g - 120. Let o = g + -20. Suppose 0 = -j - o*j + 44. What is the units digit of j?
4
What is the tens digit of (-2 + -2 - 12/(-4))/((-1)/14335)?
3
Let f = -76 + 88. Let w(y) = -4*y**2 - 10*y - 9*y + y**2 + 5*y**2 + 27. What is the units digit of w(f)?
7
Let r = 6067 - 3141. Suppose 17*a - 10*a = r. What is the hundreds digit of a?
4
Let d(m) = -m**3 + 4*m + 11. Let h be d(-3). Suppose -2*l + 7 = 4*i + 1, 0 = 4*l + 4. Suppose h = i*o + 5*r - 8, o - 19 = -3*r. What is the units digit of o?
7
Suppose -2*y + 2 = 0, 5*h = h - 3*y - 1. Let m(c) = -27*c**3. Let w be m(h). Suppose -115 + w = -2*v. What is the units digit of v?
4
Let v(l) = 2*l**3 + 2*l**2 + 2*l - 5. Let i(t) = -6*t + 1 - 4*t**2 + 5*t**2 + 6*t. Let p(y) = -3*i(y) - v(y). What is the tens digit of p(-4)?
5
Suppose 8174 + 6841 = 5*t + 405. What is the tens digit of t?
2
Let c(p) = -2*p + 4 + 44 + 0*p - 2*p. Let b be c(12). Suppose b = 11*t - 1480 + 534. What is the units digit of t?
6
Suppose 0 = -9*c + 6*c + 45. Suppose 0 = 2*a - a + 2*y, 5*y = -5*a + c. Suppose a*k = 635 + 229. What is the tens digit of k?
4
Suppose 5*z = 86 - 16. Suppose -z*x - 2148 = 2738. Let b = x - -572. What is the hundreds digit of b?
2
Let c = -331 + 1342. Let d = c + -372. What is the tens digit of d?
3
Let u = 74 - 74. Suppose -89*s + 91*s - 1042 = u. What is the hundreds digit of s?
5
Let l be -3*(-2)/2 + -3. Let w(s) = -s + 8. Let n be w(l). Suppose -n*a = -825 + 233. What is the tens digit of a?
7
Suppose 705 + 257 = q. Let j = q - 85. What is the tens digit of j?
7
Let k = -272 + 268. Let i(y) = 19*y**2 + 10*y + 32. What